 Let t be ((-4)/5)/(2 - (-357)/(-175)). Calculate the greatest common divisor of a and t.
20
Let a = -26 + 41. What is the highest common divisor of a and 120?
15
Let p be (10*(-1 + 0))/1. Let a = 66 + p. Let g(d) = -2*d - 11. Let i be g(-9). Calculate the highest common divisor of a and i.
7
Let x(v) = -v**2 - 2. Let z be x(0). Let i(w) = -18*w - 4. Let p be i(-4). Let s be (p/6)/(z/(-6)). Calculate the greatest common divisor of 17 and s.
17
Let n(w) = -w**3 - 14*w**2 - 3*w + 13. Let f be n(-14). Let a = 62 + -40. What is the greatest common factor of a and f?
11
Suppose 2*g - 32 = 2*q - 6*q, g = 2*q + 28. What is the highest common factor of g and 11?
11
Let f(u) = u**2 - u + 10. Let o be f(0). Calculate the greatest common factor of o and 15.
5
Suppose 5*s + n - 31 = 4*n, -2*s - n = -19. Calculate the greatest common factor of s and 8.
8
Let a be 8/4 - -2 - -5. What is the greatest common factor of 18 and a?
9
Let j(k) = -k**2 - 12*k + 23. Let t be j(-13). Calculate the greatest common divisor of t and 70.
10
Suppose 0 = 5*d - 5*l - 90, -d - 5*l = 4*d - 130. Calculate the highest common divisor of d and 2.
2
Suppose 7 = h - 70. Let g be -11 - (-3)/(-9)*0. Let d = 22 + g. Calculate the highest common divisor of d and h.
11
Let j(q) = -q**2 - 10*q - 3. Let u be j(-4). Suppose -3*r - u = -4*r. Let p = 168 - r. Calculate the highest common divisor of p and 21.
21
Let d = -6 - -40. What is the highest common factor of d and 51?
17
Suppose 2*t - 3 = -o, -2*o + 5*t + 26 = -16. Let z be (252/10)/(o/110). What is the highest common factor of 28 and z?
28
Let m(c) = c**2 + c. Let r be m(2). Suppose -5*s + 2*b = -4 - 336, -25 = 5*b. What is the highest common divisor of s and r?
6
Suppose -11*o + 150 = -224. What is the highest common divisor of o and 17?
17
Suppose -s - 4*a + 24 = 4, -2*s = -2*a. Let i be ((-9)/s)/(33/(-176)). Calculate the greatest common divisor of i and 48.
12
Suppose -2*s + 4*y + 80 = 2*y, 5*y - 10 = 0. What is the highest common divisor of 6 and s?
6
Suppose 27 = -2*t + 7. Let v = t + 15. Calculate the greatest common factor of v and 45.
5
Suppose -340 = -5*a + 135. Calculate the highest common factor of a and 19.
19
Let w(x) = -x**3 - x**2. Let g be -3*(-2)/3 - 1. Let h be w(g). Let u = 12 - h. Calculate the greatest common divisor of u and 28.
14
Suppose 5*j - 58 = -8. Let r be 436/j - 6/(-15). Calculate the highest common factor of 11 and r.
11
Suppose 2*y - 5 = -5*a + 5, -a = -4*y - 2. Suppose 2*x = -3*c + 82, -2*x + 160 = a*x + 5*c. What is the highest common factor of x and 5?
5
Let a(n) = 5*n**2 - 2. Let d be a(2). Suppose 0 = -3*m + 2*p + 490, -p = -m + 3*p + 170. What is the highest common divisor of d and m?
18
Let m = 4 + 6. Let n be 16 + 5/(m/4). Let d(l) = l + 2. Let u be d(7). What is the highest common factor of n and u?
9
Let w = 140 - -28. Suppose 0 = 2*i - 14 - 0. Let j(o) = -o**2 + 10*o. Let f be j(i). Calculate the highest common factor of w and f.
21
Suppose 5*v + 3*w = 4*v - 4, -4*w = 3*v + 7. Let f be -1*(v + 2) + -3. Let q be 2/(-4) - 86/f. What is the greatest common divisor of 3 and q?
3
Let q be -3*(1 + 0 + -2). Suppose 0 = -5*u + 2*f + 169, 2*u + 5*f + 30 = 86. What is the greatest common factor of u and q?
3
Suppose 2*k = -19 + 89. Let o(t) = 8*t**2 - 2*t - 1. Let f be o(2). Let g = -13 + f. Calculate the greatest common factor of k and g.
7
Let b be 32/12 + (-3)/(-9). Calculate the greatest common divisor of 1 and b.
1
Let m(s) = -2*s - 9. Suppose -t = 5*o - 2 - 12, 3*o = t + 2. Let l be (-1)/o*(0 + 12). Let c be m(l). What is the greatest common divisor of 3 and c?
3
Let u(n) = n**3 + 4*n**2 - n + 5. Let m be u(-4). Suppose -5*h + 134 = -i, 0*h + 2*i - 137 = -5*h. Calculate the highest common divisor of m and h.
9
Let j = 37 - 15. What is the greatest common divisor of 55 and j?
11
Let l(g) = g - 1. Let s be l(3). Suppose 0 = -s*b - b + 9. Let k = -23 - -26. What is the greatest common factor of b and k?
3
Let p be (125/(-20))/((-2)/40). Calculate the greatest common divisor of 25 and p.
25
Let t(x) = -x**2 - 15*x - 9. Let f be t(-6). What is the highest common factor of f and 18?
9
Let s be 15/6 + ((-9)/6 - -1). Suppose 12 = 2*n - d - 0*d, -4*n + 18 = d. Calculate the greatest common factor of s and n.
1
Let z = 47 - 43. What is the greatest common divisor of z and 2?
2
Let d(y) = -y**2 + y + 13. Suppose 0 = -0*v - v. Let x be d(v). Suppose 3*a - x = 53. What is the greatest common divisor of 55 and a?
11
Let i = 2196 - 1329. Let l be 2/(-8) + i/12. Calculate the greatest common factor of l and 9.
9
Suppose 0 = -5*g + 139 - 24. Let f = -128 - -243. Calculate the greatest common factor of g and f.
23
Suppose 0 = -f + 3*x - 15, -2*f + 4*f = -4*x - 30. Let v be (-50)/f*6/4. Suppose -v*w + 52 = 17. What is the highest common divisor of 77 and w?
7
Let a(t) = -t**2 + 4*t. Let w be a(2). Suppose 6*h - 2*h = w. Calculate the greatest common factor of 2 and h.
1
Let j be (-315)/(-12) + 2/(-8). Calculate the highest common divisor of 39 and j.
13
Suppose -2*b + 7*b = 15. Let q(y) = 14 + 2*y**3 - y**b - 2. Let h be q(0). Calculate the greatest common factor of h and 60.
12
Let i = -2 + 6. Suppose -k - i*k = 4*s - 56, -5*k = 2*s - 28. What is the greatest common divisor of 35 and s?
7
Let d(a) = 4*a**2 - 3*a. Let w be d(-5). Suppose -5*l + 10 + 220 = 0. Calculate the highest common factor of w and l.
23
Let h = -7 - -19. Let q = -15 + 27. Calculate the greatest common divisor of q and h.
12
Suppose 48 = -4*u + 4*c, -4*c + 50 = -4*u - 2*c. Let m = u - -31. What is the highest common divisor of m and 6?
6
Let h be 68 - (-4 - (4 + -4)). What is the greatest common divisor of h and 12?
12
Let l = -22 - -44. What is the highest common factor of l and 33?
11
Suppose -2*v - 4*g = -150, -3*v + 5*g + 222 = -58. Suppose -4*n - 14 = 2*d - 4*d, 4*n = 3*d - 31. Calculate the highest common factor of v and d.
17
Let i = -41 + 42. Calculate the greatest common divisor of i and 2.
1
Let s be (1 + -2)*(0 + -5). Suppose -2*j = -s*j. Suppose j = -5*n - 2*r + 206, -4*n + 0*r - 5*r = -175. Calculate the greatest common divisor of n and 10.
10
Let c = 53 + -29. Calculate the greatest common divisor of 16 and c.
8
Let f(o) = -o**2 - 3*o + 2. Let y be f(-3). Suppose n + 84 = y*n. What is the greatest common factor of 56 and n?
28
Suppose 0 = -2*l - 15*l + 425. Calculate the greatest common divisor of 15 and l.
5
Suppose -40 = -0*o - 4*o. Let d = -17 + 27. What is the highest common factor of d and o?
10
Let s be (2/(-30))/(2/35)*-6. What is the greatest common factor of s and 63?
7
Let u(m) = m**2 + 4*m - 2. Let l be u(-6). What is the highest common divisor of l and 20?
10
Let o(z) = z**2 - 6*z - 4. Let q be o(7). Suppose -2*d + 0*x + q*x = -46, 4*d + 3*x - 74 = 0. What is the greatest common factor of 5 and d?
5
Suppose 132 = k + 3*k. Let a(o) = 3*o**2 - 3*o + 4. Let y be a(3). What is the greatest common divisor of y and k?
11
Let c be (352/(-28) - (-15)/(-35))*-4. What is the greatest common factor of c and 26?
26
Suppose 0 = 4*a + x - 246 - 14, -a + 3*x = -78. Suppose -3*i + 8 = -5*z + a, 3 = -3*i. Calculate the greatest common factor of z and 11.
11
Suppose 3*h + 0*h - 2*u - 224 = 0, 0 = -4*h - 3*u + 276. What is the greatest common divisor of 9 and h?
9
Let g be 3/1*(3 + 2). Let h be 10/(-4)*(-1660)/5. Suppose 3*x = 4*j - 663, -4*j + 5*x = j - h. What is the greatest common divisor of j and g?
15
Let b(g) = -2*g + 12. Let n be b(11). Let p be (-6*13)/(n/15). What is the highest common factor of p and 13?
13
Let f be (-27)/(-9) - -4*(-1)/(-1). Calculate the greatest common divisor of 7 and f.
7
Suppose -m + 4 = 1. Suppose -2*z - 8 = -m*z. What is the greatest common factor of 56 and z?
8
Let t(d) = -d + 2. Let h be t(-5). Let q = -10 + h. Let n be 21 - 0/(q + 6). Calculate the greatest common divisor of 7 and n.
7
Suppose x - 202 = -h, -x = 4*h + x - 800. What is the highest common divisor of 22 and h?
22
Let c(k) = k**2 - 24*k + 58. Let a be c(22). What is the greatest common divisor of 42 and a?
14
Suppose -l = 4*y - 84, 0*y + y + 5*l - 2 = 0. Let s = -90 + 101. Calculate the greatest common divisor of s and y.
11
Let i = -11 - -17. Let a = 10 - i. Let g be a + -4 - 1*-12. Calculate the highest common divisor of g and